et h(p) = -11*c(p) - 4*f(p). Let a = 41 - 37. Determine h(a).
-2
Let n(h) be the third derivative of 0 + 1/30*h**5 + 0*h + 1/6*h**3 + 1/24*h**4 + 2*h**2. Let i(v) = v. Let b be i(-1). What is n(b)?
2
Let u(i) = -7*i - 8. Let c(a) = -10*a - 12. Let t(b) = 5*c(b) - 7*u(b). Calculate t(0).
-4
Let m(u) = -5*u - 3*u + 5*u + 8 + 2*u. Determine m(7).
1
Let k(x) = -x**3 - 8*x**2 - 7*x + 8. Let q = -44 + 37. Give k(q).
8
Let n(i) = -i**3 - 6*i**2 - 4*i + 1. Let k(o) = o - 8. Let h be k(-9). Let c = h - -14. Give n(c).
-14
Let b(p) = 1 - 20*p**2 + 36*p**2 - 15*p**2 + 8*p. Calculate b(-7).
-6
Let z(r) = r**3 + 6*r**2 + 6*r + 7. Let v be z(-5). Let o(u) = 6*u**v - 2*u**2 - 3*u**2 + 5*u. Let g = 4 + -8. Give o(g).
-4
Let f(p) be the second derivative of p**5/5 + 25*p**4/12 + p**3/6 + 2*p. Let d(o) = -o**3 - 6*o**2. Let m(r) = -9*d(r) - 2*f(r). Determine m(-4).
8
Suppose -17 = -3*u + 22. Suppose 5*h + 4*v = -u, -v + 6*v - 30 = 3*h. Let g(y) = -y**2 - 5*y - 2. Give g(h).
-2
Let h(n) = 11*n**2 - 8*n - 12. Let i(a) = -5*a**2 + 4*a + 6. Let m(j) = 4*h(j) + 9*i(j). What is m(5)?
1
Suppose -2*r + 12 - 2 = 0. Let z(a) = -4*a + a**2 - 5*a + 1 + 6*a - r. Give z(4).
0
Let v(s) = -s**3 - 51*s**2 - 2 + 24*s**2 + 27*s**2. What is v(0)?
-2
Let w(m) = 0*m - 5*m + 0 + 1 - 2. What is w(1)?
-6
Let x(z) = 3*z - z**3 + 2*z - 5 - 4*z + 3. Determine x(2).
-8
Let v(a) = -a**3 - 5*a**2 + 5*a - 2. Suppose 2*n = 3*h, -5*n - 4*h - 46 = -0*h. Give v(n).
4
Let n(d) = -7*d + 17*d - 5*d - 8 - 4*d. Determine n(6).
-2
Let d(b) be the second derivative of b**5/20 - b**4/2 + b**3/2 - 9*b**2/2 + 11*b. Determine d(6).
9
Let j(r) = -r**2 + r + 11. Let v(x) = 3*x + 12. Let l be v(-4). Give j(l).
11
Let f(y) = y**3 - 3*y**2 - 6*y + 3. Let g = 5 - 1. What is f(g)?
-5
Suppose 0*d + 2*d - 12 = 0. Let m(b) = -4*b**3 + 8*b**2 + 9*b + 3. Let l(a) = a**3 - a**2 - a - 1. Let c(p) = 3*l(p) + m(p). What is c(d)?
0
Let x(i) be the second derivative of 1/2*i**4 - 1/3*i**3 + i - 1/20*i**5 + 0 - 1/2*i**2. What is x(2)?
11
Let a(u) = 5*u - 6. Let i(q) = -5*q + 6. Let y(r) = 5*a(r) + 4*i(r). What is y(4)?
14
Let m(v) = v**2 - 7*v + 6. Let g(r) = r**3 - 7*r**2 - r + 7. Let y be g(7). Let f = y - -4. Suppose 0*c + f = c. What is m(c)?
-6
Let r(q) = 3*q - 3. Suppose 2 = -5*p + 17. What is r(p)?
6
Let g(t) = 2*t**3 - 3*t**2 + 1. Let m be ((-1)/(-3))/(2/12). Suppose m*k - 4*k = -4. What is g(k)?
5
Let d(f) = -3*f**2 + f. Let h be -2 - (5/(-20) + (-3)/(-12)). Calculate d(h).
-14
Let u(c) = -c + 8. Let d be u(6). Let b = d + -2. Let l(y) = -3*y + 6 + b + 5*y. What is l(-4)?
-2
Suppose 5*f + 5*y = -30, 6 - 17 = -4*f + 3*y. Let t = -5 + f. Let b(z) = z**3 + 6*z**2 + 2*z + 8. What is b(t)?
-4
Let v(a) be the second derivative of -a**6/360 + a**5/60 - a**4/12 - 5*a. Let h(z) be the third derivative of v(z). What is h(-2)?
6
Let n(s) = s**3 - 3*s**2 - 6. Let j(y) = 2*y**3 - 3*y**2 + y - 7. Let t(a) = 2*j(a) - 3*n(a). Let o = -6 + 3. Determine t(o).
-2
Let c(g) = -5*g + g**2 - 15*g - 15*g + 33*g - 5. Give c(5).
10
Let q(m) = 0*m + 6*m + 2 - 11*m + 3*m. Determine q(5).
-8
Suppose -4 = -2*m + 2. Let j(o) = 46*o + 12. Let a(w) = 17*w + 4. Let r(p) = 11*a(p) - 4*j(p). Give r(m).
5
Let t(r) = 2*r**2 - 12*r - 1. Let i be t(6). Let c(u) = 3*u + 1. Let a(f) = 8*f + 3. Let k(j) = -6*a(j) + 17*c(j). What is k(i)?
-4
Let q(x) = x**3 - 3*x**2 + 2. Let c be q(2). Let r(u) = 4*u - 2. Determine r(c).
-10
Suppose -12 = -2*t - t. Let l(h) = -h. Give l(t).
-4
Suppose 4*s - 35 + 15 = 0. Let z(k) = 2*k - s*k + 1 + 6*k + 2*k. Calculate z(1).
6
Let r(s) = -s**2 + 13*s - 6. Let b be r(9). Suppose 0 = 3*q - 8*q - b. Let c(u) = u**2 + 8*u + 5. Determine c(q).
-7
Let p(o) = o + 1 + 0*o + 9. Give p(-8).
2
Let s(x) = -x**2 + 9*x + 8. Let o(z) = -z**2 - 9*z - 11. Let l be o(-5). Give s(l).
8
Let o = 6 - 4. Let g(n) = n**3 - 3 + 2*n - 9*n - 5*n**o + 11. What is g(6)?
2
Let c(s) = -s**2 + 5*s + 6. Suppose 5*j = -0*z - 3*z + 28, 0 = 3*j + z - 16. Determine c(j).
6
Suppose -5*p - 3*h - 16 = 0, -4*p - 5*h + 2 = -10*h. Let m(s) = -s**3 - 3*s**2 - s. What is m(p)?
-2
Let o(t) = -7*t - 1. Let v(j) = -3*j. Let l(b) = -4*o(b) + 9*v(b). Calculate l(-3).
1
Suppose -27 + 15 = 4*x. Let v(a) = a**3 + 3*a**2 - 3*a. Determine v(x).
9
Let r = -1 - 2. Let n(b) = 7 + b + 5 - 1 - 13. Calculate n(r).
-5
Let y = -4 - -6. Let j(k) = 13 + k - 4*k + y*k. Let n be 2*1/(-1) - -8. Determine j(n).
7
Let x(b) be the second derivative of -9*b**5/20 - b**4/12 + b**3/6 - 13*b. Determine x(1).
-9
Let l(h) = -8 - 8*h - 6*h + 1. Let d(v) = 7*v + 3. Let t(n) = 7*d(n) + 3*l(n). Calculate t(1).
7
Let l(o) = 7*o + 2. Let q(g) = -3*g - 1. Let u(d) = -6*l(d) - 13*q(d). Suppose -2*w = w - 3. What is u(w)?
-2
Let g(w) = w**2 - 2*w + 3. Let o = -28 - -31. What is g(o)?
6
Let i = -3 - -2. Let c(x) be the third derivative of -x**6/8 - x**5/60 + 18*x**2. Determine c(i).
14
Let s(u) = u**3 - 6*u**2 + 4*u + 4. Suppose -15 = -h - 2*h, -4*c + 5*h - 1 = 0. Let b = c - 8. Let g be (b - 0) + 0 - -7. Determine s(g).
-1
Suppose -3*o - 5*m - 4 = 0, -4*m + 1 = -0*o + o. Let t(w) = 2*w - 1. Determine t(o).
-7
Let g(k) = k**2 - 4*k + 2. Let p = -23 + 28. Give g(p).
7
Let r(t) = t**3 - 5*t**2 + 2*t - 5. Let c(u) = u**2 + 15*u + 5. Let j be c(-15). Calculate r(j).
5
Let m be (-6)/27 - (-74)/9. Suppose m = -r - 3*r. Let d(h) = -h**2 - 2*h + 2. Let z(j) = -2*j**2 - 3*j + 3. Let y(a) = -5*d(a) + 3*z(a). What is y(r)?
-7
Let u(c) be the first derivative of 3/2*c**2 + c + 4. Determine u(-1).
-2
Let j(t) = 0 - 2 + 0 + 2*t**2 + t**3 + 0. What is j(-3)?
-11
Let p(q) = q**3 + 6*q**2 - q - 3. Suppose 4*n + 38 = -5*c, c + 2*c + 2*n = -22. Determine p(c).
3
Suppose 0 = -2*h + 5*h + 12. Let u(i) = -i**2 - 7*i - 2. Calculate u(h).
10
Let y(a) = -a - 1. Let x(r) = -r - 3. Let s(p) = 3*x(p) - 5*y(p). Suppose -51 = 4*b + 3*w, -5*b + 3*w - 5*w - 55 = 0. Let q = 14 + b. Determine s(q).
6
Let i(g) = -g - 3 - 4 + 8 + 0*g. Suppose 5*j - 2*j = 6. Calculate i(j).
-1
Let y(r) = r**3 - 4*r**2 - 5. Suppose 0*c + 4*c + 28 = 4*p, 17 = 2*p - 3*c. Let m be y(p). Let w(l) = l. Determine w(m).
-5
Suppose 5*z - 16 = z. Let g(y) = 4*y + 18 - 24 + 1 - 2*y. Determine g(z).
3
Let p(q) = -4*q**2 - 9*q + 1. Let u(l) = -7*l**2 - 17*l + 3. Let i(o) = -5*p(o) + 3*u(o). Determine i(-6).
4
Let v be (-53)/(-11) - 10/(-55). Suppose -v*h + 5*t + 25 = 0, -3*h - 4*t + 3 = -t. Let b(i) = -i**2 + i. Give b(h).
-6
Suppose 9 = m + 3. Let u(s) = -s**3 + 6*s**2 - s + 6. Give u(m).
0
Let h(s) = 4*s - 1. Let t = 1 - -1. Suppose 3*q + 5*p - 11 = 0, -q - t*q = 3*p - 9. Let v be 0 + 0 + -1 + q. Calculate h(v).
3
Let z(k) = 11*k**2 + 2*k - 1. Let a(m) = 5*m**2 + m. Let w(f) = -9*a(f) + 4*z(f). Let s(u) be the first derivative of w(u). Determine s(2).
-5
Let b(j) = j**2 + 5*j - 8. Suppose -12 = -0*c + 2*c. Determine b(c).
-2
Let o(c) be the second derivative of -7*c**5/20 + c**4/6 - c**2/2 + 2*c. Let b = 1 + -2. Let j be (2 - -1)*b/(-3). Determine o(j).
-6
Let v(i) be the first derivative of -i**4/24 + i**3/3 + 3*i**2/2 + 1. Let b(l) be the second derivative of v(l). Determine b(-2).
4
Let t(y) = -4 + 2 + 4*y**2 - 2*y**2. Let x(b) = -b**3 + 3*b**2 + b - 1. Suppose -4*z = -5*c - 19 - 8, 0 = -3*z - 4*c - 3. Let r be x(z). Determine t(r).
6
Suppose b = -0*b. Let y be b/((2 + -1)*1). Let l(f) = 3*f**2 - 2*f + 2. Let j(t) = -t**2 + t. Let v(q) = -2*j(q) - l(q). What is v(y)?
-2
Let a(p) = 10*p. Let n(h) = -29*h - 1. Let x(v) = -8*a(v) - 3*n(v). Calculate x(-2).
-11
Suppose n - 4*n = -9. Let r(j) = 1 + n + 2*j - j**2 + 0*j**2. Let v(u) = -u - 5. Let c be v(-9). Determine r(c).
-4
Let f(d) = -7*d**2 - 3. Let r(v) be the third derivative of 0*v + 4/3*v**3 - 1/24*v**4 + v**2 + 1/3*v**5 + 0. Let k(n) = -8*f(n) - 3*r(n). Calculate k(2).
-10
Let q be 3/(6/4) + 1. Let w(m) = 13*m - 21*m + 5*m + 4. What is w(q)?
-5
Let b(i) = -2 + 1 + 0*i + 0 + 4*i. Give b(2).
7
Let h(x) be the third derivative of 1/60*x**5 + 5/24*x**4 + x**2 + 0*x + 0 - 1/6*x**3. Let z(u) be the first derivative of h(u). Give z(-4).
-3
Let y be (-28)/21*3/2. Let c(h) = -h**3 - h**2 + 2*h + 3. Determine c(y).
3
Let k(w) = -8*w**2 - 47*w + 15. Let m(y) = 3*y**2 + 16*y - 5. Let p(l) = 4*k(l) + 11*m(l). Determine p(11).
-6
Let s(r) = r**3 - 3. Suppose 2*h = 7 - 3. Let m be (6/18)/(h/24). Suppose -m*n = -20, 0*g = 2*g - 5*n